by 7?
4
Calculate the remainder when 10414 is divided by 5202.
10
What is the remainder when 2165 is divided by 242?
229
Calculate the remainder when 4338 is divided by 38.
6
What is the remainder when 3770 is divided by 333?
107
What is the remainder when 11837 is divided by 650?
137
Calculate the remainder when 11492 is divided by 122.
24
What is the remainder when 18853 is divided by 6281?
10
What is the remainder when 5615 is divided by 1868?
11
Calculate the remainder when 6720 is divided by 6720.
0
Calculate the remainder when 1936 is divided by 758.
420
Calculate the remainder when 56497 is divided by 106.
105
What is the remainder when 1002 is divided by 285?
147
Calculate the remainder when 233 is divided by 153.
80
Calculate the remainder when 2272893 is divided by 494.
493
Calculate the remainder when 167121 is divided by 24.
9
What is the remainder when 715238 is divided by 40?
38
Calculate the remainder when 3459 is divided by 1122.
93
Calculate the remainder when 2758 is divided by 491.
303
What is the remainder when 8577 is divided by 131?
62
Calculate the remainder when 1355 is divided by 29.
21
What is the remainder when 15759 is divided by 213?
210
What is the remainder when 1713 is divided by 834?
45
Calculate the remainder when 949 is divided by 181.
44
What is the remainder when 10204 is divided by 18?
16
Calculate the remainder when 1905 is divided by 54.
15
What is the remainder when 46159 is divided by 207?
205
What is the remainder when 128323 is divided by 1257?
109
What is the remainder when 399136 is divided by 14?
10
Calculate the remainder when 277790 is divided by 25.
15
What is the remainder when 3737478 is divided by 934368?
6
What is the remainder when 3798 is divided by 21?
18
Calculate the remainder when 30471 is divided by 62.
29
Calculate the remainder when 2581 is divided by 647.
640
Calculate the remainder when 93766 is divided by 5860.
6
What is the remainder when 60740 is divided by 139?
136
What is the remainder when 177322 is divided by 2608?
2586
What is the remainder when 140814 is divided by 1452?
1422
What is the remainder when 5360 is divided by 1777?
29
Calculate the remainder when 1103 is divided by 799.
304
What is the remainder when 570 is divided by 311?
259
Calculate the remainder when 103635 is divided by 54.
9
What is the remainder when 1450 is divided by 104?
98
Calculate the remainder when 15323 is divided by 105.
98
What is the remainder when 156 is divided by 3?
0
Calculate the remainder when 57669 is divided by 447.
6
What is the remainder when 3808 is divided by 1819?
170
Calculate the remainder when 278775 is divided by 5466.
9
Calculate the remainder when 193610 is divided by 913.
54
What is the remainder when 11589 is divided by 52?
45
What is the remainder when 4426 is divided by 648?
538
Calculate the remainder when 4935 is divided by 265.
165
Calculate the remainder when 263 is divided by 17.
8
Calculate the remainder when 31927 is divided by 103.
100
What is the remainder when 34571 is divided by 46?
25
What is the remainder when 8630 is divided by 1435?
20
Calculate the remainder when 9107 is divided by 22.
21
What is the remainder when 4788 is divided by 78?
30
Calculate the remainder when 62847 is divided by 561.
15
What is the remainder when 52011 is divided by 25994?
23
Calculate the remainder when 81818 is divided by 12.
2
Calculate the remainder when 209468 is divided by 52.
12
Calculate the remainder when 77646 is divided by 15.
6
What is the remainder when 82827 is divided by 55?
52
Calculate the remainder when 657 is divided by 46.
13
Calculate the remainder when 34238 is divided by 634.
2
Calculate the remainder when 4712 is divided by 1528.
128
What is the remainder when 179288 is divided by 89628?
32
Calculate the remainder when 11068 is divided by 11049.
19
Calculate the remainder when 8416 is divided by 168.
16
What is the remainder when 2309 is divided by 61?
52
Calculate the remainder when 17680 is divided by 4303.
468
What is the remainder when 37651 is divided by 181?
3
What is the remainder when 202699 is divided by 19?
7
Calculate the remainder when 342798 is divided by 40.
38
What is the remainder when 4880 is divided by 413?
337
Calculate the remainder when 117674 is divided by 58835.
4
What is the remainder when 358 is divided by 227?
131
What is the remainder when 1320233 is divided by 30?
23
Calculate the remainder when 9880 is divided by 6.
4
Calculate the remainder when 3490 is divided by 28.
18
Calculate the remainder when 263164 is divided by 68.
4
Calculate the remainder when 37055 is divided by 3704.
15
Calculate the remainder when 1226 is divided by 109.
27
Calculate the remainder when 264197 is divided by 179.
172
Calculate the remainder when 29784 is divided by 2480.
24
What is the remainder when 946 is divided by 132?
22
What is the remainder when 220161 is divided by 42?
39
What is the remainder when 29004 is divided by 9?
6
What is the remainder when 71450 is divided by 83?
70
What is the remainder when 141696 is divided by 317?
314
What is the remainder when 339 is divided by 319?
20
What is the remainder when 1065 is divided by 207?
30
Calculate the remainder when 321624 is divided by 125.
124
Calculate the remainder when 2220117 is divided by 105.
102
Calculate the remainder when 1057 is divided by 268.
253
Calculate the remainder when 23258 is divided by 84.
74
What is the remainder when 165444 is divided by 145?
144
What is the remainder when 50156 is divided by 2009?
1940
What is the remainder when 648 is divided by 117?
63
Calculate the remainder when 269091 is divided by 260.
251
What is the remainder when 3178 is divided by 448?
42
Calculate the remainder when 395070 is divided by 423.
411
What is the remainder when 1677752 is divided by 74?
24
What is the remainder when 2637 is divided by 1295?
47
Calculate the remainder when 693 is divided by 319.
55
Calculate the remainder when 1637 is divided by 503.
128
What is the remainder when 129011 is divided by 78?
77
What is the remainder when 17354 is divided by 115?
104
What is the remainder when 971372 is divided by 42232?
36
What is the remainder when 47115 is divided by 23490?
135
What is the remainder when 49477 is divided by 811?
6
Calculate the remainder when 72168 is divided by 811.
800
What is the remainder when 1763693 is divided by 1146?
1145
Calculate the remainder when 115649 is divided by 143.
105
What is the remainder when 7284 is divided by 195?
69
Calculate the remainder when 8130 is divided by 2608.
306
What is the remainder when 863294 is divided by 6?
2
What is the remainder when 18535 is divided by 46?
43
Calculate the remainder when 1946 is divided by 171.
65
Calculate the remainder when 16454 is divided by 63.
11
Calculate the remainder when 1032905 is divided by 25.
5
What is the remainder when 1797671 is divided by 825?
821
What is the remainder when 65287 is divided by 62?
1
Calculate the remainder when 21865 is divided by 1047.
925
What is the remainder when 82884 is divided by 41436?
12
Calculate the remainder when 4759 is divided by 676.
27
Calculate the remainder when 7371 is divided by 2450.
21
What is the remainder when 5080 is divided by 35?
5
What is the remainder when 6396 is divided by 322?
278
What is the remainder when 1979 is divided by 276?
47
Calculate the remainder when 5040 is divided by 25.
15
Calculate the remainder when 77570 is divided by 753.
11
What is the remainder when 1816 is divided by 245?
101
What is the remainder when 1019 is divided by 216?
155
What is the remainder when 43002 is divided by 14332?
6
What is the remainder when 67873 is divided by 75?
73
What is the remainder when 51808 is divided by 33?
31
Calculate the remainder when 6186 is divided by 1546.
2
Calculate the remainder when 129544 is divided by 18.
16
Calculate the remainder when 290001 is divided by 608.
593
Calculate the remainder when 170150 is divided by 1605.
20
What is the remainder when 9250 is divided by 572?
98
What is the remainder when 30148 is divided by 5021?
22
Calculate the remainder when 10621 is divided by 1766.
25
What is the remainder when 510691 is divided by 299?
298
Calculate the remainder when 3895 is divided by 343.
122
What is the r